[INFO] fetching crate lambda-rs 2023.1.30...
[INFO] checking lambda-rs-2023.1.30 against master#9610dfe5a9a731ced1ea4923ecbd0c57fe367898 for beta-170-4
[INFO] extracting crate lambda-rs 2023.1.30 into /workspace/builds/worker-3-tc1/source
[INFO] validating manifest of crates.io crate lambda-rs 2023.1.30 on toolchain 9610dfe5a9a731ced1ea4923ecbd0c57fe367898
[INFO] running `Command { std: CARGO_HOME="/workspace/cargo-home" RUSTUP_HOME="/workspace/rustup-home" "/workspace/cargo-home/bin/cargo" "+9610dfe5a9a731ced1ea4923ecbd0c57fe367898" "metadata" "--manifest-path" "Cargo.toml" "--no-deps", kill_on_drop: false }`
[INFO] started tweaking crates.io crate lambda-rs 2023.1.30
[INFO] finished tweaking crates.io crate lambda-rs 2023.1.30
[INFO] tweaked toml for crates.io crate lambda-rs 2023.1.30 written to /workspace/builds/worker-3-tc1/source/Cargo.toml
[INFO] crate crates.io crate lambda-rs 2023.1.30 already has a lockfile, it will not be regenerated
[INFO] running `Command { std: CARGO_HOME="/workspace/cargo-home" RUSTUP_HOME="/workspace/rustup-home" "/workspace/cargo-home/bin/cargo" "+9610dfe5a9a731ced1ea4923ecbd0c57fe367898" "fetch" "--manifest-path" "Cargo.toml", kill_on_drop: false }`
[INFO] [stderr]     Updating crates.io index
[INFO] [stderr]  Downloading crates ...
[INFO] [stderr]   Downloaded predicates v2.1.5
[INFO] [stderr]   Downloaded downcast v0.11.0
[INFO] [stderr]   Downloaded fragile v2.0.0
[INFO] [stderr]   Downloaded predicates-core v1.0.5
[INFO] [stderr]   Downloaded predicates-tree v1.0.7
[INFO] [stderr]   Downloaded mockall_derive v0.11.3
[INFO] [stderr]   Downloaded termtree v0.4.0
[INFO] [stderr]   Downloaded sctk-adwaita v0.4.3
[INFO] [stderr]   Downloaded mockall v0.11.3
[INFO] [stderr]   Downloaded gfx-backend-empty v0.9.0
[INFO] [stderr]   Downloaded rose_tree v0.2.0
[INFO] [stderr]   Downloaded gfx-renderdoc v0.1.0
[INFO] [stderr]   Downloaded dwrote v0.11.0
[INFO] [stderr]   Downloaded safe_arch v0.5.2
[INFO] [stderr]   Downloaded inplace_it v0.3.5
[INFO] [stderr]   Downloaded parking_lot_core v0.9.6
[INFO] [stderr]   Downloaded gfx-backend-vulkan v0.9.0
[INFO] [stderr]   Downloaded d3d12 v0.4.1
[INFO] [stderr]   Downloaded spirv_headers v1.5.0
[INFO] [stderr]   Downloaded gfx-backend-dx12 v0.9.0
[INFO] [stderr]   Downloaded coveralls-api v0.5.0
[INFO] [stderr]   Downloaded zeroize v1.5.7
[INFO] [stderr]   Downloaded cargo_metadata v0.14.2
[INFO] [stderr]   Downloaded procfs v0.12.0
[INFO] [stderr]   Downloaded darling_macro v0.10.2
[INFO] [stderr]   Downloaded color-backtrace v0.3.0
[INFO] [stderr]   Downloaded darling_core v0.10.2
[INFO] [stderr]   Downloaded smartstring v0.2.10
[INFO] [stderr]   Downloaded gfx-backend-dx11 v0.9.0
[INFO] [stderr]   Downloaded gfx-backend-metal v0.9.0
[INFO] [stderr]   Downloaded rustsec v0.25.1
[INFO] [stderr]   Downloaded ash v0.32.1
[INFO] [stderr]   Downloaded object v0.28.4
[INFO] [stderr]   Downloaded tiny-skia-path v0.7.0
[INFO] [stderr]   Downloaded darling v0.10.2
[INFO] [stderr]   Downloaded tracing-subscriber v0.1.6
[INFO] [stderr]   Downloaded abscissa_core v0.5.2
[INFO] [stderr]   Downloaded naga v0.5.0
[INFO] [stderr]   Downloaded cargo-audit v0.16.0
[INFO] [stderr]   Downloaded copyless v0.1.5
[INFO] [stderr]   Downloaded generational-arena v0.2.8
[INFO] [stderr]   Downloaded secrecy v0.6.0
[INFO] [stderr]   Downloaded gumdrop_derive v0.7.0
[INFO] [stderr]   Downloaded gumdrop v0.7.0
[INFO] [stderr]   Downloaded spirv_cross v0.23.1
[INFO] [stderr]   Downloaded crates-index v0.17.0
[INFO] [stderr]   Downloaded expat-sys v2.1.6
[INFO] [stderr]   Downloaded cvss v1.0.2
[INFO] [stderr]   Downloaded fs-err v2.9.0
[INFO] [stderr]   Downloaded platforms v2.0.0
[INFO] [stderr]   Downloaded cxx v1.0.88
[INFO] [stderr]   Downloaded gzip-header v0.3.0
[INFO] [stderr]   Downloaded git2 v0.13.25
[INFO] [stderr]   Downloaded metal v0.23.1
[INFO] [stderr]   Downloaded libssh2-sys v0.2.23
[INFO] [stderr]   Downloaded cxxbridge-flags v1.0.88
[INFO] [stderr]   Downloaded gfx-auxil v0.10.0
[INFO] [stderr]   Downloaded abscissa_derive v0.5.0
[INFO] [stderr]   Downloaded canonical-path v2.0.2
[INFO] [stderr]   Downloaded cargo-lock v7.1.0
[INFO] [stderr]   Downloaded gimli v0.27.1
[INFO] [stderr]   Downloaded home v0.5.4
[INFO] [stderr]   Downloaded curl v0.4.44
[INFO] [stderr]   Downloaded tracing-subscriber v0.2.25
[INFO] [stderr]   Downloaded obj-rs v0.7.0
[INFO] [stderr]   Downloaded tiny-skia v0.7.0
[INFO] [stderr]   Downloaded gfx-hal v0.9.0
[INFO] [stderr]   Downloaded cxxbridge-macro v1.0.88
[INFO] [stderr]   Downloaded slotmap v0.4.3
[INFO] [stderr]   Downloaded glow v0.9.0
[INFO] [stderr]   Downloaded freetype-rs v0.26.0
[INFO] [stderr]   Downloaded cmake v0.1.49
[INFO] [stderr]   Downloaded camino v1.1.2
[INFO] [stderr]   Downloaded thunderdome v0.4.2
[INFO] [stderr]   Downloaded drm-fourcc v2.2.0
[INFO] [stderr]   Downloaded lambda-rs-platform v2023.1.30
[INFO] [stderr]   Downloaded cxx-build v1.0.88
[INFO] [stderr]   Downloaded matchers v0.0.1
[INFO] [stderr]   Downloaded gfx-backend-gl v0.9.0
[INFO] [stderr]   Downloaded servo-fontconfig v0.5.1
[INFO] [stderr]   Downloaded calloop v0.10.5
[INFO] [stderr]   Downloaded storage-map v0.3.0
[INFO] [stderr]   Downloaded core-text v19.2.0
[INFO] [stderr]   Downloaded crossfont v0.5.1
[INFO] [stderr]   Downloaded memmap2 v0.5.8
[INFO] [stderr]   Downloaded external-memory v0.0.1
[INFO] [stderr]   Downloaded raw-window-handle v0.3.4
[INFO] [stderr]   Downloaded lambda-rs-logging v2023.1.30
[INFO] [stderr]   Downloaded shaderc v0.7.4
[INFO] [stderr]   Downloaded foreign-types-macros v0.2.2
[INFO] [stderr]   Downloaded freetype-sys v0.13.1
[INFO] [stderr]   Downloaded foreign-types-shared v0.3.1
[INFO] [stderr]   Downloaded foreign-types v0.5.0
[INFO] [stderr]   Downloaded libgit2-sys v0.12.26+1.3.0
[INFO] [stderr]   Downloaded servo-fontconfig-sys v5.1.0
[INFO] [stderr]   Downloaded scoped-tls v1.0.1
[INFO] [stderr]   Downloaded curl-sys v0.4.59+curl-7.86.0
[INFO] [stderr]   Downloaded cargo-tarpaulin v0.19.1
[INFO] [stderr]   Downloaded shaderc-sys v0.7.4
[INFO] running `Command { std: "docker" "create" "-v" "/var/lib/crater-agent-workspace/builds/worker-3-tc1/target:/opt/rustwide/target:rw,Z" "-v" "/var/lib/crater-agent-workspace/builds/worker-3-tc1/source:/opt/rustwide/workdir:ro,Z" "-v" "/var/lib/crater-agent-workspace/cargo-home:/opt/rustwide/cargo-home:ro,Z" "-v" "/var/lib/crater-agent-workspace/rustup-home:/opt/rustwide/rustup-home:ro,Z" "-e" "SOURCE_DIR=/opt/rustwide/workdir" "-e" "CARGO_TARGET_DIR=/opt/rustwide/target" "-e" "CARGO_HOME=/opt/rustwide/cargo-home" "-e" "RUSTUP_HOME=/opt/rustwide/rustup-home" "-w" "/opt/rustwide/workdir" "-m" "1610612736" "--user" "0:0" "--network" "none" "ghcr.io/rust-lang/crates-build-env/linux@sha256:19e73879b68f455e41552ea35293514db52ea292d993f571636dbffedb77a1ee" "/opt/rustwide/cargo-home/bin/cargo" "+9610dfe5a9a731ced1ea4923ecbd0c57fe367898" "metadata" "--no-deps" "--format-version=1", kill_on_drop: false }`
[INFO] [stdout] 938cbf7009718733d2e8949313a8108e9b41ab66ad34d11b3d4f3d7cbb755a02
[INFO] running `Command { std: "docker" "start" "-a" "938cbf7009718733d2e8949313a8108e9b41ab66ad34d11b3d4f3d7cbb755a02", kill_on_drop: false }`
[INFO] running `Command { std: "docker" "inspect" "938cbf7009718733d2e8949313a8108e9b41ab66ad34d11b3d4f3d7cbb755a02", kill_on_drop: false }`
[INFO] running `Command { std: "docker" "rm" "-f" "938cbf7009718733d2e8949313a8108e9b41ab66ad34d11b3d4f3d7cbb755a02", kill_on_drop: false }`
[INFO] [stdout] 938cbf7009718733d2e8949313a8108e9b41ab66ad34d11b3d4f3d7cbb755a02
[INFO] running `Command { std: "docker" "create" "-v" "/var/lib/crater-agent-workspace/builds/worker-3-tc1/target:/opt/rustwide/target:rw,Z" "-v" "/var/lib/crater-agent-workspace/builds/worker-3-tc1/source:/opt/rustwide/workdir:ro,Z" "-v" "/var/lib/crater-agent-workspace/cargo-home:/opt/rustwide/cargo-home:ro,Z" "-v" "/var/lib/crater-agent-workspace/rustup-home:/opt/rustwide/rustup-home:ro,Z" "-e" "SOURCE_DIR=/opt/rustwide/workdir" "-e" "CARGO_TARGET_DIR=/opt/rustwide/target" "-e" "CARGO_INCREMENTAL=0" "-e" "RUST_BACKTRACE=full" "-e" "RUSTFLAGS=--cap-lints=forbid" "-e" "RUSTDOCFLAGS=--cap-lints=forbid" "-e" "CARGO_HOME=/opt/rustwide/cargo-home" "-e" "RUSTUP_HOME=/opt/rustwide/rustup-home" "-w" "/opt/rustwide/workdir" "-m" "1610612736" "--user" "0:0" "--network" "none" "ghcr.io/rust-lang/crates-build-env/linux@sha256:19e73879b68f455e41552ea35293514db52ea292d993f571636dbffedb77a1ee" "/opt/rustwide/cargo-home/bin/cargo" "+9610dfe5a9a731ced1ea4923ecbd0c57fe367898" "check" "--frozen" "--all" "--all-targets" "--message-format=json", kill_on_drop: false }`
[INFO] [stdout] 27cd968cde7f1a72286b329da9508de4e40f7357bcaf9d951e38bf47fea0dbae
[INFO] running `Command { std: "docker" "start" "-a" "27cd968cde7f1a72286b329da9508de4e40f7357bcaf9d951e38bf47fea0dbae", kill_on_drop: false }`
[INFO] [stderr]    Compiling proc-macro2 v1.0.50
[INFO] [stderr]    Compiling syn v1.0.107
[INFO] [stderr]    Compiling pkg-config v0.3.26
[INFO] [stderr]    Compiling serde_derive v1.0.152
[INFO] [stderr]    Compiling serde v1.0.152
[INFO] [stderr]    Compiling log v0.4.17
[INFO] [stderr]     Checking smallvec v1.10.0
[INFO] [stderr]    Compiling quote v1.0.23
[INFO] [stderr]    Compiling libc v0.2.139
[INFO] [stderr]    Compiling num-traits v0.2.15
[INFO] [stderr]    Compiling indexmap v1.9.2
[INFO] [stderr]    Compiling memoffset v0.6.5
[INFO] [stderr]    Compiling crc32fast v1.3.2
[INFO] [stderr]     Checking adler v1.0.2
[INFO] [stderr]    Compiling thiserror v1.0.38
[INFO] [stderr]     Checking libloading v0.7.4
[INFO] [stderr]    Compiling xml-rs v0.8.4
[INFO] [stderr]     Checking miniz_oxide v0.6.2
[INFO] [stderr]    Compiling semver v1.0.16
[INFO] [stderr]     Checking byteorder v1.4.3
[INFO] [stderr]     Checking dlib v0.5.0
[INFO] [stderr]     Checking regex-syntax v0.6.28
[INFO] [stderr]     Checking tinyvec_macros v0.1.0
[INFO] [stderr]     Checking nix v0.24.3
[INFO] [stderr]    Compiling num-integer v0.1.45
[INFO] [stderr]     Checking cty v0.2.2
[INFO] [stderr]     Checking tinyvec v1.6.0
[INFO] [stderr]    Compiling slotmap v1.0.6
[INFO] [stderr]    Compiling lock_api v0.4.9
[INFO] [stderr]    Compiling drm-fourcc v2.2.0
[INFO] [stderr]     Checking flate2 v1.0.25
[INFO] [stderr]     Checking scoped-tls v1.0.1
[INFO] [stderr]    Compiling wayland-sys v0.29.5
[INFO] [stderr]    Compiling servo-fontconfig-sys v5.1.0
[INFO] [stderr]     Checking minimal-lexical v0.2.1
[INFO] [stderr]     Checking fixedbitset v0.2.0
[INFO] [stderr]     Checking downcast-rs v1.2.0
[INFO] [stderr]     Checking unicode-bidi v0.3.10
[INFO] [stderr]    Compiling serde_json v1.0.91
[INFO] [stderr]     Checking nom v7.1.3
[INFO] [stderr]     Checking raw-window-handle v0.4.3
[INFO] [stderr]     Checking time v0.1.45
[INFO] [stderr]     Checking tracing-core v0.1.30
[INFO] [stderr]     Checking iana-time-zone v0.1.53
[INFO] [stderr]     Checking itoa v1.0.5
[INFO] [stderr]    Compiling wayland-scanner v0.29.5
[INFO] [stderr]     Checking openssl-probe v0.1.5
[INFO] [stderr]     Checking ryu v1.0.12
[INFO] [stderr]     Checking bytemuck v1.13.0
[INFO] [stderr]     Checking bit-vec v0.6.3
[INFO] [stderr]     Checking scopeguard v1.1.0
[INFO] [stderr]    Compiling crossfont v0.5.1
[INFO] [stderr]    Compiling smithay-client-toolkit v0.16.0
[INFO] [stderr]     Checking fxhash v0.2.1
[INFO] [stderr]     Checking nix v0.25.1
[INFO] [stderr]     Checking instant v0.1.12
[INFO] [stderr]     Checking bit-set v0.5.3
[INFO] [stderr]    Compiling parking_lot_core v0.8.6
[INFO] [stderr]    Compiling fnv v1.0.7
[INFO] [stderr]    Compiling strsim v0.9.3
[INFO] [stderr]     Checking arrayref v0.3.6
[INFO] [stderr]    Compiling jobserver v0.1.25
[INFO] [stderr]     Checking stable_deref_trait v1.2.0
[INFO] [stderr]    Compiling maybe-uninit v2.0.0
[INFO] [stderr]     Checking arrayvec v0.5.2
[INFO] [stderr]    Compiling cc v1.0.79
[INFO] [stderr]     Checking spirv_headers v1.5.0
[INFO] [stderr]    Compiling parking_lot_core v0.9.6
[INFO] [stderr]     Checking foreign-types-shared v0.3.1
[INFO] [stderr]     Checking unicode-normalization v0.1.22
[INFO] [stderr]     Checking tiny-skia-path v0.7.0
[INFO] [stderr]     Checking safe_arch v0.5.2
[INFO] [stderr]     Checking tracing-log v0.1.3
[INFO] [stderr]     Checking raw-window-handle v0.3.4
[INFO] [stderr]     Checking png v0.17.7
[INFO] [stderr]    Compiling x11-dl v2.21.0
[INFO] [stderr]     Checking memmap2 v0.5.8
[INFO] [stderr]     Checking atty v0.2.14
[INFO] [stderr]    Compiling cmake v0.1.49
[INFO] [stderr]     Checking getrandom v0.2.8
[INFO] [stderr]     Checking wayland-commons v0.29.5
[INFO] [stderr]     Checking gimli v0.27.1
[INFO] [stderr]     Checking rustc-demangle v0.1.21
[INFO] [stderr]    Compiling khronos-egl v4.1.0
[INFO] [stderr]     Checking rand_core v0.6.4
[INFO] [stderr]     Checking regex v1.7.1
[INFO] [stderr]     Checking regex-automata v0.1.10
[INFO] [stderr]     Checking object v0.30.3
[INFO] [stderr]     Checking unicode-ident v1.0.6
[INFO] [stderr]     Checking humantime v2.1.0
[INFO] [stderr]    Compiling curl v0.4.44
[INFO] [stderr]     Checking xcursor v0.3.4
[INFO] [stderr]     Checking idna v0.3.0
[INFO] [stderr]    Compiling wayland-client v0.29.5
[INFO] [stderr]    Compiling wayland-protocols v0.29.5
[INFO] [stderr]    Compiling camino v1.1.2
[INFO] [stderr]    Compiling platforms v2.0.0
[INFO] [stderr]     Checking parking_lot v0.11.2
[INFO] [stderr]     Checking tiny-skia v0.7.0
[INFO] [stderr]     Checking rand_chacha v0.3.1
[INFO] [stderr]    Compiling libz-sys v1.1.8
[INFO] [stderr]    Compiling openssl-sys v0.9.80
[INFO] [stderr]    Compiling freetype-sys v0.13.1
[INFO] [stderr]    Compiling expat-sys v2.1.6
[INFO] [stderr]    Compiling libssh2-sys v0.2.23
[INFO] [stderr]    Compiling libgit2-sys v0.12.26+1.3.0
[INFO] [stderr]    Compiling curl-sys v0.4.59+curl-7.86.0
[INFO] [stderr]     Checking matchers v0.0.1
[INFO] [stderr]    Compiling backtrace v0.3.67
[INFO] [stderr]    Compiling shaderc-sys v0.7.4
[INFO] [stderr]     Checking parking_lot v0.12.1
[INFO] [stderr]     Checking smallvec v0.6.14
[INFO] [stderr]     Checking owning_ref v0.4.1
[INFO] [stderr]     Checking mio v0.8.5
[INFO] [stderr]     Checking raw-window-handle v0.5.0
[INFO] [stderr]     Checking gzip-header v0.3.0
[INFO] [stderr]     Checking signal-hook-registry v1.4.0
[INFO] [stderr]     Checking socket2 v0.4.7
[INFO] [stderr]     Checking home v0.5.4
[INFO] [stderr]     Checking predicates-core v1.0.5
[INFO] [stderr]     Checking freetype-rs v0.26.0
[INFO] [stderr]     Checking servo-fontconfig v0.5.1
[INFO] [stderr]     Checking glob v0.3.1
[INFO] [stderr]     Checking glow v0.9.0
[INFO] [stderr]     Checking adler32 v1.2.0
[INFO] [stderr]     Checking zeroize v1.5.7
[INFO] [stderr]     Checking either v1.8.1
[INFO] [stderr]     Checking termcolor v1.2.0
[INFO] [stderr]     Checking deflate v0.8.6
[INFO] [stderr]     Checking textwrap v0.11.0
[INFO] [stderr]     Checking signal-hook v0.1.17
[INFO] [stderr]     Checking generational-arena v0.2.8
[INFO] [stderr]     Checking addr2line v0.19.0
[INFO] [stderr]     Checking rand v0.8.5
[INFO] [stderr]     Checking itertools v0.10.5
[INFO] [stderr]     Checking float-cmp v0.9.0
[INFO] [stderr]     Checking wait-timeout v0.2.0
[INFO] [stderr]     Checking sharded-slab v0.1.4
[INFO] [stderr]     Checking thread_local v1.1.4
[INFO] [stderr]     Checking termtree v0.4.0
[INFO] [stderr]     Checking difflib v0.4.0
[INFO] [stderr]     Checking md5 v0.7.0
[INFO] [stderr]     Checking canonical-path v2.0.2
[INFO] [stderr]     Checking fs-err v2.9.0
[INFO] [stderr]     Checking lambda-rs-logging v2023.1.30
[INFO] [stderr]     Checking normalize-line-endings v0.3.0
[INFO] [stderr]     Checking fallible-iterator v0.2.0
[INFO] [stderr]     Checking clap v2.34.0
[INFO] [stderr]     Checking predicates-tree v1.0.7
[INFO] [stderr]     Checking walkdir v2.3.2
[INFO] [stderr]     Checking object v0.28.4
[INFO] [stderr]     Checking nix v0.23.2
[INFO] [stderr]     Checking wayland-cursor v0.29.5
[INFO] [stderr]    Compiling darling_core v0.10.2
[INFO] [stderr]    Compiling synstructure v0.12.6
[INFO] [stderr]     Checking quick-xml v0.22.0
[INFO] [stderr]     Checking num_cpus v1.15.0
[INFO] [stderr]     Checking memmap v0.7.0
[INFO] [stderr]     Checking downcast v0.11.0
[INFO] [stderr]     Checking fragile v2.0.0
[INFO] [stderr]     Checking predicates v2.1.5
[INFO] [stderr]     Checking color-backtrace v0.3.0
[INFO] [stderr] error: could not compile `syn` (lib)
[INFO] [stderr] 
[INFO] [stderr] Caused by:
[INFO] [stderr]   process didn't exit successfully: `/opt/rustwide/rustup-home/toolchains/9610dfe5a9a731ced1ea4923ecbd0c57fe367898/bin/rustc --crate-name syn --edition=2018 /opt/rustwide/cargo-home/registry/src/index.crates.io-6f17d22bba15001f/syn-1.0.107/src/lib.rs --error-format=json --json=diagnostic-rendered-ansi,artifacts,future-incompat --crate-type lib --emit=dep-info,metadata,link -C embed-bitcode=no -C debuginfo=0 --cfg 'feature="clone-impls"' --cfg 'feature="default"' --cfg 'feature="derive"' --cfg 'feature="extra-traits"' --cfg 'feature="full"' --cfg 'feature="parsing"' --cfg 'feature="printing"' --cfg 'feature="proc-macro"' --cfg 'feature="quote"' --cfg 'feature="visit"' --cfg 'feature="visit-mut"' -C metadata=7b7736a0ec746b7b -C extra-filename=-7b7736a0ec746b7b --out-dir /opt/rustwide/target/debug/deps -L dependency=/opt/rustwide/target/debug/deps --extern proc_macro2=/opt/rustwide/target/debug/deps/libproc_macro2-e409884cb38ae6c3.rmeta --extern quote=/opt/rustwide/target/debug/deps/libquote-bf60a71c652f9e50.rmeta --extern unicode_ident=/opt/rustwide/target/debug/deps/libunicode_ident-31de42aaa140902d.rmeta --cap-lints allow --cap-lints=forbid` (signal: 9, SIGKILL: kill)
[INFO] [stderr] warning: build failed, waiting for other jobs to finish...
[INFO] [stderr] error: could not compile `object` (lib)
[INFO] [stderr] 
[INFO] [stderr] Caused by:
[INFO] [stderr]   process didn't exit successfully: `/opt/rustwide/rustup-home/toolchains/9610dfe5a9a731ced1ea4923ecbd0c57fe367898/bin/rustc --crate-name object --edition=2018 /opt/rustwide/cargo-home/registry/src/index.crates.io-6f17d22bba15001f/object-0.28.4/src/lib.rs --error-format=json --json=diagnostic-rendered-ansi,artifacts,future-incompat --crate-type lib --emit=dep-info,metadata -C embed-bitcode=no -C debuginfo=2 --cfg 'feature="archive"' --cfg 'feature="coff"' --cfg 'feature="compression"' --cfg 'feature="default"' --cfg 'feature="elf"' --cfg 'feature="flate2"' --cfg 'feature="macho"' --cfg 'feature="pe"' --cfg 'feature="read"' --cfg 'feature="read_core"' --cfg 'feature="std"' --cfg 'feature="unaligned"' -C metadata=dfe26f69c26ab30c -C extra-filename=-dfe26f69c26ab30c --out-dir /opt/rustwide/target/debug/deps -L dependency=/opt/rustwide/target/debug/deps --extern flate2=/opt/rustwide/target/debug/deps/libflate2-a1c3e8cff6e4f597.rmeta --extern memchr=/opt/rustwide/target/debug/deps/libmemchr-226980598a74622c.rmeta --cap-lints allow --cap-lints=forbid` (signal: 9, SIGKILL: kill)
[INFO] [stderr] error: could not compile `x11-dl` (lib)
[INFO] [stderr] 
[INFO] [stderr] Caused by:
[INFO] [stderr]   process didn't exit successfully: `/opt/rustwide/rustup-home/toolchains/9610dfe5a9a731ced1ea4923ecbd0c57fe367898/bin/rustc --crate-name x11_dl --edition=2021 /opt/rustwide/cargo-home/registry/src/index.crates.io-6f17d22bba15001f/x11-dl-2.21.0/src/lib.rs --error-format=json --json=diagnostic-rendered-ansi,artifacts,future-incompat --crate-type lib --emit=dep-info,metadata -C embed-bitcode=no -C debuginfo=2 -C metadata=c1f9fcb7877b8974 -C extra-filename=-c1f9fcb7877b8974 --out-dir /opt/rustwide/target/debug/deps -L dependency=/opt/rustwide/target/debug/deps --extern libc=/opt/rustwide/target/debug/deps/liblibc-89331356af64d8f4.rmeta --extern once_cell=/opt/rustwide/target/debug/deps/libonce_cell-6af7775077b2f619.rmeta --cap-lints allow --cap-lints=forbid -l dl` (signal: 9, SIGKILL: kill)
[INFO] [stderr] error: could not compile `nix` (lib)
[INFO] [stderr] 
[INFO] [stderr] Caused by:
[INFO] [stderr]   process didn't exit successfully: `/opt/rustwide/rustup-home/toolchains/9610dfe5a9a731ced1ea4923ecbd0c57fe367898/bin/rustc --crate-name nix --edition=2018 /opt/rustwide/cargo-home/registry/src/index.crates.io-6f17d22bba15001f/nix-0.23.2/src/lib.rs --error-format=json --json=diagnostic-rendered-ansi,artifacts,future-incompat --crate-type lib --emit=dep-info,metadata -C embed-bitcode=no -C debuginfo=2 -C metadata=867fc064bff93e0f -C extra-filename=-867fc064bff93e0f --out-dir /opt/rustwide/target/debug/deps -L dependency=/opt/rustwide/target/debug/deps --extern bitflags=/opt/rustwide/target/debug/deps/libbitflags-dd5d9cedf36a6394.rmeta --extern cfg_if=/opt/rustwide/target/debug/deps/libcfg_if-94812f0b2a55fda8.rmeta --extern libc=/opt/rustwide/target/debug/deps/liblibc-89331356af64d8f4.rmeta --extern memoffset=/opt/rustwide/target/debug/deps/libmemoffset-f171604c588088f3.rmeta --cap-lints allow --cap-lints=forbid` (signal: 9, SIGKILL: kill)
[INFO] [stderr] error: could not compile `syn` (lib)
[INFO] [stderr] 
[INFO] [stderr] Caused by:
[INFO] [stderr]   process didn't exit successfully: `/opt/rustwide/rustup-home/toolchains/9610dfe5a9a731ced1ea4923ecbd0c57fe367898/bin/rustc --crate-name syn --edition=2018 /opt/rustwide/cargo-home/registry/src/index.crates.io-6f17d22bba15001f/syn-1.0.107/src/lib.rs --error-format=json --json=diagnostic-rendered-ansi,artifacts,future-incompat --crate-type lib --emit=dep-info,metadata -C embed-bitcode=no -C debuginfo=2 --cfg 'feature="clone-impls"' --cfg 'feature="default"' --cfg 'feature="derive"' --cfg 'feature="extra-traits"' --cfg 'feature="full"' --cfg 'feature="parsing"' --cfg 'feature="printing"' --cfg 'feature="proc-macro"' --cfg 'feature="quote"' --cfg 'feature="visit"' --cfg 'feature="visit-mut"' -C metadata=f5ef97b3d88af363 -C extra-filename=-f5ef97b3d88af363 --out-dir /opt/rustwide/target/debug/deps -L dependency=/opt/rustwide/target/debug/deps --extern proc_macro2=/opt/rustwide/target/debug/deps/libproc_macro2-85846a475523ee0e.rmeta --extern quote=/opt/rustwide/target/debug/deps/libquote-8c282cfadd1e7f59.rmeta --extern unicode_ident=/opt/rustwide/target/debug/deps/libunicode_ident-85b428c96a4d3f24.rmeta --cap-lints allow --cap-lints=forbid` (signal: 9, SIGKILL: kill)
[INFO] [stderr] The following warnings were emitted during compilation:
[INFO] [stderr] 
[INFO] [stderr] warning: shaderc: requested to build from source
[INFO] [stderr] 
[INFO] [stderr] error: failed to run custom build command for `shaderc-sys v0.7.4`
[INFO] [stderr] note: To improve backtraces for build dependencies, set the CARGO_PROFILE_DEV_BUILD_OVERRIDE_DEBUG=true environment variable to enable debug information generation.
[INFO] [stderr] 
[INFO] [stderr] Caused by:
[INFO] [stderr]   process didn't exit successfully: `/opt/rustwide/target/debug/build/shaderc-sys-5258e7f9be42f25e/build-script-build` (exit status: 101)
[INFO] [stderr]   --- stdout
[INFO] [stderr]   cargo:warning=shaderc: requested to build from source
[INFO] [stderr]   CMAKE_TOOLCHAIN_FILE_x86_64-unknown-linux-gnu = None
[INFO] [stderr]   CMAKE_TOOLCHAIN_FILE_x86_64_unknown_linux_gnu = None
[INFO] [stderr]   HOST_CMAKE_TOOLCHAIN_FILE = None
[INFO] [stderr]   CMAKE_TOOLCHAIN_FILE = None
[INFO] [stderr]   CMAKE_PREFIX_PATH_x86_64-unknown-linux-gnu = None
[INFO] [stderr]   CMAKE_PREFIX_PATH_x86_64_unknown_linux_gnu = None
[INFO] [stderr]   HOST_CMAKE_PREFIX_PATH = None
[INFO] [stderr]   CMAKE_PREFIX_PATH = None
[INFO] [stderr]   CMAKE_x86_64-unknown-linux-gnu = None
[INFO] [stderr]   CMAKE_x86_64_unknown_linux_gnu = None
[INFO] [stderr]   HOST_CMAKE = None
[INFO] [stderr]   CMAKE = None
[INFO] [stderr]   running: cd "/opt/rustwide/target/debug/build/shaderc-sys-1804ab69e423e1cb/out/build" && CMAKE_PREFIX_PATH="" "cmake" "/opt/rustwide/cargo-home/registry/src/index.crates.io-6f17d22bba15001f/shaderc-sys-0.7.4/build" "-G" "Ninja" "-DCMAKE_INSTALL_LIBDIR=lib" "-DCMAKE_POSITION_INDEPENDENT_CODE=ON" "-DENABLE_SPVREMAPPER=OFF" "-DENABLE_GLSLANG_BINARIES=OFF" "-DSHADERC_SKIP_TESTS=ON" "-DSPIRV_SKIP_EXECUTABLES=ON" "-DSPIRV_WERROR=OFF" "-DCMAKE_INSTALL_PREFIX=/opt/rustwide/target/debug/build/shaderc-sys-1804ab69e423e1cb/out" "-DCMAKE_C_FLAGS= -ffunction-sections -fdata-sections -fPIC -m64" "-DCMAKE_C_COMPILER=/usr/bin/cc" "-DCMAKE_CXX_FLAGS= -ffunction-sections -fdata-sections -fPIC -m64" "-DCMAKE_CXX_COMPILER=/usr/bin/c++" "-DCMAKE_ASM_FLAGS= -ffunction-sections -fdata-sections -fPIC -m64" "-DCMAKE_ASM_COMPILER=/usr/bin/cc" "-DCMAKE_BUILD_TYPE=Release"
[INFO] [stderr]   -- The C compiler identification is GNU 11.3.0
[INFO] [stderr]   -- The CXX compiler identification is GNU 11.3.0
[INFO] [stderr]   -- Detecting C compiler ABI info
[INFO] [stderr]   -- Detecting C compiler ABI info - done
[INFO] [stderr]   -- Check for working C compiler: /usr/bin/cc - skipped
[INFO] [stderr]   -- Detecting C compile features
[INFO] [stderr]   -- Detecting C compile features - done
[INFO] [stderr]   -- Detecting CXX compiler ABI info
[INFO] [stderr]   -- Detecting CXX compiler ABI info - done
[INFO] [stderr]   -- Check for working CXX compiler: /usr/bin/c++ - skipped
[INFO] [stderr]   -- Detecting CXX compile features
[INFO] [stderr]   -- Detecting CXX compile features - done
[INFO] [stderr]   -- Building SPIRV-Header examples
[INFO] [stderr]   -- Installing SPIRV-Header
[INFO] [stderr]   -- Found PythonInterp: /usr/bin/python3 (found suitable version "3.10.6", minimum required is "3") 
[INFO] [stderr]   -- Google Mock was not found - tests based on that will not build
[INFO] [stderr]   -- optimizer enabled
[INFO] [stderr]   -- Looking for pthread.h
[INFO] [stderr]   -- Looking for pthread.h - found
[INFO] [stderr]   -- Performing Test CMAKE_HAVE_LIBC_PTHREAD
[INFO] [stderr]   -- Performing Test CMAKE_HAVE_LIBC_PTHREAD - Success
[INFO] [stderr]   -- Found Threads: TRUE  
[INFO] [stderr]   -- Shaderc: build type is "Release".
[INFO] [stderr]   -- Configuring Shaderc to avoid building tests.
[INFO] [stderr]   -- Configuring Shaderc to build examples.
[INFO] [stderr]   -- Configuring Shaderc to check copyrights.
[INFO] [stderr]   -- asciidoctor was not found - no documentation will be generated
[INFO] [stderr]   -- Performing Test COMPILER_SUPPORTS_FALLTHROUGH_WARNING
[INFO] [stderr]   -- Performing Test COMPILER_SUPPORTS_FALLTHROUGH_WARNING - Success
[INFO] [stderr]   -- Performing Test COMPILER_SUPPORTS_EXTRA_SEMI_WARNING
[INFO] [stderr]   -- Performing Test COMPILER_SUPPORTS_EXTRA_SEMI_WARNING - Success
[INFO] [stderr]   -- Performing Test COMPILER_SUPPORTS_PIC
[INFO] [stderr]   -- Performing Test COMPILER_SUPPORTS_PIC - Success
[INFO] [stderr]   -- Configuring done
[INFO] [stderr]   -- Generating done
[INFO] [stderr]   -- Build files have been written to: /opt/rustwide/target/debug/build/shaderc-sys-1804ab69e423e1cb/out/build
[INFO] [stderr]   running: cd "/opt/rustwide/target/debug/build/shaderc-sys-1804ab69e423e1cb/out/build" && "cmake" "--build" "." "--target" "install" "--config" "Release" "--parallel" "16"
[INFO] [stderr]   [1/391] Building CXX object spirv-headers/example/CMakeFiles/SPIRV-Headers-example.dir/example.cpp.o
[INFO] [stderr]   [2/391] cd /opt/rustwide/target/debug/build/shaderc-sys-1804ab69e423e1cb/out/build/spirv-tools && /usr/bin/cmake -DCHANGES_FILE=/opt/rustwide/cargo-home/registry/src/index.crates.io-6f17d22bba15001f/shaderc-sys-0.7.4/build/spirv-tools/CHANGES -DTEMPLATE_FILE=/opt/rustwide/cargo-home/registry/src/index.crates.io-6f17d22bba15001f/shaderc-sys-0.7.4/build/spirv-tools/cmake/SPIRV-Tools.pc.in -DOUT_FILE=/opt/rustwide/target/debug/build/shaderc-sys-1804ab69e423e1cb/out/build/spirv-tools/SPIRV-Tools.pc -DCMAKE_INSTALL_PREFIX=/opt/rustwide/target/debug/build/shaderc-sys-1804ab69e423e1cb/out -DCMAKE_INSTALL_LIBDIR=lib -DCMAKE_INSTALL_INCLUDEDIR=include -DSPIRV_LIBRARIES=-lSPIRV-Tools-opt\ -lSPIRV-Tools\ -lSPIRV-Tools-link -P /opt/rustwide/cargo-home/registry/src/index.crates.io-6f17d22bba15001f/shaderc-sys-0.7.4/build/spirv-tools/cmake/write_pkg_config.cmake
[INFO] [stderr]   [3/391] cd /opt/rustwide/target/debug/build/shaderc-sys-1804ab69e423e1cb/out/build/spirv-tools && /usr/bin/cmake -DCHANGES_FILE=/opt/rustwide/cargo-home/registry/src/index.crates.io-6f17d22bba15001f/shaderc-sys-0.7.4/build/spirv-tools/CHANGES -DTEMPLATE_FILE=/opt/rustwide/cargo-home/registry/src/index.crates.io-6f17d22bba15001f/shaderc-sys-0.7.4/build/spirv-tools/cmake/SPIRV-Tools-shared.pc.in -DOUT_FILE=/opt/rustwide/target/debug/build/shaderc-sys-1804ab69e423e1cb/out/build/spirv-tools/SPIRV-Tools-shared.pc -DCMAKE_INSTALL_PREFIX=/opt/rustwide/target/debug/build/shaderc-sys-1804ab69e423e1cb/out -DCMAKE_INSTALL_LIBDIR=lib -DCMAKE_INSTALL_INCLUDEDIR=include -DSPIRV_SHARED_LIBRARIES=-lSPIRV-Tools-shared -P /opt/rustwide/cargo-home/registry/src/index.crates.io-6f17d22bba15001f/shaderc-sys-0.7.4/build/spirv-tools/cmake/write_pkg_config.cmake
[INFO] [stderr]   [4/391] Generate enum-string mapping for SPIR-V vunified1.
[INFO] [stderr]   [5/391] Generate extended instruction tables for spv-amd-shader-explicit-vertex-parameter.
[INFO] [stderr]   [6/391] Generate extended instruction tables for spv-amd-shader-trinary-minmax.
[INFO] [stderr]   [7/391] Generate extended instruction tables for spv-amd-gcn-shader.
[INFO] [stderr]   [8/391] Generate extended instruction tables for spv-amd-shader-ballot.
[INFO] [stderr]   [9/391] Generate extended instruction tables for debuginfo.
[INFO] [stderr]   [10/391] Generate extended instruction tables for opencl.debuginfo.100.
[INFO] [stderr]   [11/391] Generate extended instruction tables for nonsemantic.shader.debuginfo.100.
[INFO] [stderr]   [12/391] Generate extended instruction tables for nonsemantic.clspvreflection.
[INFO] [stderr]   [13/391] Generate language specific header for DebugInfo.
[INFO] [stderr]   [14/391] Generate language specific header for OpenCLDebugInfo100.
[INFO] [stderr]   [15/391] Generate language specific header for NonSemanticShaderDebugInfo100.
[INFO] [stderr]   [16/391] Generate info tables for SPIR-V vunified1 core instructions and operands.
[INFO] [stderr]   [17/391] Linking CXX static library spirv-headers/example/libSPIRV-Headers-example.a
[INFO] [stderr]   [18/391] Generate tables based on the SPIR-V XML registry.
[INFO] [stderr]   [19/391] Update build-version.inc in the SPIRV-Tools build directory (if necessary).
[INFO] [stderr]   [20/391] Building CXX object glslang/hlsl/CMakeFiles/HLSL.dir/stub.cpp.o
[INFO] [stderr]   [21/391] cd /opt/rustwide/target/debug/build/shaderc-sys-1804ab69e423e1cb/out/build/shaderc && /usr/bin/cmake -DCHANGES_FILE=/opt/rustwide/cargo-home/registry/src/index.crates.io-6f17d22bba15001f/shaderc-sys-0.7.4/build/shaderc/CHANGES -DTEMPLATE_FILE=/opt/rustwide/cargo-home/registry/src/index.crates.io-6f17d22bba15001f/shaderc-sys-0.7.4/build/shaderc/cmake/shaderc.pc.in -DOUT_FILE=/opt/rustwide/target/debug/build/shaderc-sys-1804ab69e423e1cb/out/build/shaderc/shaderc.pc -DCMAKE_INSTALL_PREFIX=/opt/rustwide/target/debug/build/shaderc-sys-1804ab69e423e1cb/out -DCMAKE_INSTALL_LIBDIR=lib -DCMAKE_INSTALL_INCLUDEDIR=include -DLIBS=-lshaderc_shared -P /opt/rustwide/cargo-home/registry/src/index.crates.io-6f17d22bba15001f/shaderc-sys-0.7.4/build/shaderc/cmake/write_pkg_config.cmake
[INFO] [stderr]   [22/391] cd /opt/rustwide/target/debug/build/shaderc-sys-1804ab69e423e1cb/out/build/shaderc && /usr/bin/cmake -DCHANGES_FILE=/opt/rustwide/cargo-home/registry/src/index.crates.io-6f17d22bba15001f/shaderc-sys-0.7.4/build/shaderc/CHANGES -DTEMPLATE_FILE=/opt/rustwide/cargo-home/registry/src/index.crates.io-6f17d22bba15001f/shaderc-sys-0.7.4/build/shaderc/cmake/shaderc_static.pc.in -DOUT_FILE=/opt/rustwide/target/debug/build/shaderc-sys-1804ab69e423e1cb/out/build/shaderc/shaderc_static.pc -DCMAKE_INSTALL_PREFIX=/opt/rustwide/target/debug/build/shaderc-sys-1804ab69e423e1cb/out -DCMAKE_INSTALL_LIBDIR=lib -DCMAKE_INSTALL_INCLUDEDIR=include -DLIBS=-lshaderc\ \ -lshaderc_util -P /opt/rustwide/cargo-home/registry/src/index.crates.io-6f17d22bba15001f/shaderc-sys-0.7.4/build/shaderc/cmake/write_pkg_config.cmake
[INFO] [stderr]   [23/391] Check copyright
[INFO] [stderr]   [24/391] cd /opt/rustwide/target/debug/build/shaderc-sys-1804ab69e423e1cb/out/build/shaderc && /usr/bin/cmake -DCHANGES_FILE=/opt/rustwide/cargo-home/registry/src/index.crates.io-6f17d22bba15001f/shaderc-sys-0.7.4/build/shaderc/CHANGES -DTEMPLATE_FILE=/opt/rustwide/cargo-home/registry/src/index.crates.io-6f17d22bba15001f/shaderc-sys-0.7.4/build/shaderc/cmake/shaderc_combined.pc.in -DOUT_FILE=/opt/rustwide/target/debug/build/shaderc-sys-1804ab69e423e1cb/out/build/shaderc/shaderc_combined.pc -DCMAKE_INSTALL_PREFIX=/opt/rustwide/target/debug/build/shaderc-sys-1804ab69e423e1cb/out -DCMAKE_INSTALL_LIBDIR=lib -DCMAKE_INSTALL_INCLUDEDIR=include -DLIBS=-lshaderc_combined -P /opt/rustwide/cargo-home/registry/src/index.crates.io-6f17d22bba15001f/shaderc-sys-0.7.4/build/shaderc/cmake/write_pkg_config.cmake
[INFO] [stderr]   [25/391] Building CXX object glslang/glslang/OSDependent/Unix/CMakeFiles/OSDependent.dir/ossource.cpp.o
[INFO] [stderr]   [26/391] Update build-version.inc in the Shaderc build directory (if necessary).
[INFO] [stderr]   [27/391] Generate info tables for OpenCL extended instructions and operands vunified1.
[INFO] [stderr]   [28/391] Generate info tables for GLSL extended instructions and operands vunified1.
[INFO] [stderr]   [29/391] Linking CXX static library glslang/hlsl/libHLSL.a
[INFO] [stderr]   [30/391] Linking CXX static library glslang/glslang/OSDependent/Unix/libOSDependent.a
[INFO] [stderr]   [31/391] Building CXX object glslang/OGLCompilersDLL/CMakeFiles/OGLCompiler.dir/InitializeDll.cpp.o
[INFO] [stderr]   [32/391] Building CXX object glslang/glslang/CMakeFiles/GenericCodeGen.dir/GenericCodeGen/Link.cpp.o
[INFO] [stderr]   [33/391] Building CXX object glslang/glslang/CMakeFiles/GenericCodeGen.dir/GenericCodeGen/CodeGen.cpp.o
[INFO] [stderr]   [34/391] Building CXX object spirv-tools/source/CMakeFiles/SPIRV-Tools-shared.dir/util/bit_vector.cpp.o
[INFO] [stderr]   [35/391] Building CXX object spirv-tools/source/CMakeFiles/SPIRV-Tools-shared.dir/util/string_utils.cpp.o
[INFO] [stderr]   [36/391] Building CXX object spirv-tools/source/CMakeFiles/SPIRV-Tools-shared.dir/assembly_grammar.cpp.o
[INFO] [stderr]   [37/391] Building CXX object spirv-tools/source/CMakeFiles/SPIRV-Tools-shared.dir/diagnostic.cpp.o
[INFO] [stderr]   [38/391] Building CXX object spirv-tools/source/CMakeFiles/SPIRV-Tools-shared.dir/extensions.cpp.o
[INFO] [stderr]   [39/391] Building CXX object spirv-tools/source/CMakeFiles/SPIRV-Tools-shared.dir/ext_inst.cpp.o
[INFO] [stderr]   [40/391] Building CXX object spirv-tools/source/CMakeFiles/SPIRV-Tools-shared.dir/software_version.cpp.o
[INFO] [stderr]   [41/391] Building CXX object spirv-tools/source/CMakeFiles/SPIRV-Tools-shared.dir/enum_string_mapping.cpp.o
[INFO] [stderr]   [42/391] Building CXX object spirv-tools/source/CMakeFiles/SPIRV-Tools-shared.dir/spirv_endian.cpp.o
[INFO] [stderr]   [43/391] Building CXX object spirv-tools/source/CMakeFiles/SPIRV-Tools-shared.dir/print.cpp.o
[INFO] [stderr]   [44/391] Building CXX object spirv-tools/source/CMakeFiles/SPIRV-Tools-shared.dir/spirv_optimizer_options.cpp.o
[INFO] [stderr]   [45/391] Building CXX object spirv-tools/source/CMakeFiles/SPIRV-Tools-shared.dir/spirv_validator_options.cpp.o
[INFO] [stderr]   [46/391] Building CXX object spirv-tools/source/CMakeFiles/SPIRV-Tools-shared.dir/libspirv.cpp.o
[INFO] [stderr]   [47/391] Building CXX object spirv-tools/source/CMakeFiles/SPIRV-Tools-shared.dir/spirv_fuzzer_options.cpp.o
[INFO] [stderr]   [48/391] Building CXX object spirv-tools/source/CMakeFiles/SPIRV-Tools-shared.dir/spirv_target_env.cpp.o
[INFO] [stderr]   [49/391] Building CXX object spirv-tools/source/CMakeFiles/SPIRV-Tools-shared.dir/opcode.cpp.o
[INFO] [stderr]   [50/391] Building CXX object glslang/glslang/CMakeFiles/glslang.dir/CInterface/glslang_c_interface.cpp.o
[INFO] [stderr]   [51/391] Building CXX object spirv-tools/source/CMakeFiles/SPIRV-Tools-shared.dir/spirv_reducer_options.cpp.o
[INFO] [stderr]   [52/391] Building CXX object spirv-tools/source/CMakeFiles/SPIRV-Tools-shared.dir/parsed_operand.cpp.o
[INFO] [stderr]   [53/391] Building CXX object spirv-tools/source/CMakeFiles/SPIRV-Tools-shared.dir/table.cpp.o
[INFO] [stderr]   [54/391] Building CXX object spirv-tools/source/CMakeFiles/SPIRV-Tools-shared.dir/operand.cpp.o
[INFO] [stderr]   [55/391] Building CXX object spirv-tools/source/CMakeFiles/SPIRV-Tools-shared.dir/disassemble.cpp.o
[INFO] [stderr]   [56/391] Building CXX object glslang/glslang/CMakeFiles/MachineIndependent.dir/cmake_pch.hxx.gch
[INFO] [stderr]   FAILED: glslang/glslang/CMakeFiles/MachineIndependent.dir/cmake_pch.hxx.gch 
[INFO] [stderr]   /usr/bin/c++ -DENABLE_HLSL -DENABLE_OPT=1 -DGLSLANG_OSINCLUDE_UNIX -I/opt/rustwide/target/debug/build/shaderc-sys-1804ab69e423e1cb/out/build/include -ffunction-sections -fdata-sections -fPIC -m64 -O3 -DNDEBUG -fPIC -Wall -Wmaybe-uninitialized -Wuninitialized -Wunused -Wunused-local-typedefs -Wunused-parameter -Wunused-value -Wunused-variable -Wunused-but-set-parameter -Wunused-but-set-variable -fno-exceptions -Wno-reorder -fno-rtti -Werror=deprecated-copy -std=c++11 -Winvalid-pch -x c++-header -include /opt/rustwide/target/debug/build/shaderc-sys-1804ab69e423e1cb/out/build/glslang/glslang/CMakeFiles/MachineIndependent.dir/cmake_pch.hxx -MD -MT glslang/glslang/CMakeFiles/MachineIndependent.dir/cmake_pch.hxx.gch -MF glslang/glslang/CMakeFiles/MachineIndependent.dir/cmake_pch.hxx.gch.d -o glslang/glslang/CMakeFiles/MachineIndependent.dir/cmake_pch.hxx.gch -c /opt/rustwide/target/debug/build/shaderc-sys-1804ab69e423e1cb/out/build/glslang/glslang/CMakeFiles/MachineIndependent.dir/cmake_pch.hxx.cxx
[INFO] [stderr]   c++: fatal error: Killed signal terminated program cc1plus
[INFO] [stderr]   compilation terminated.
[INFO] [stderr]   [57/391] Building CXX object spirv-tools/source/CMakeFiles/SPIRV-Tools-shared.dir/name_mapper.cpp.o
[INFO] [stderr]   [58/391] Building CXX object spirv-tools/source/CMakeFiles/SPIRV-Tools-shared.dir/val/validate_adjacency.cpp.o
[INFO] [stderr]   [59/391] Building CXX object spirv-tools/source/CMakeFiles/SPIRV-Tools-shared.dir/util/parse_number.cpp.o
[INFO] [stderr]   [60/391] Building CXX object spirv-tools/source/CMakeFiles/SPIRV-Tools-shared.dir/text_handler.cpp.o
[INFO] [stderr]   [61/391] Building CXX object spirv-tools/source/CMakeFiles/SPIRV-Tools-shared.dir/val/validate_barriers.cpp.o
[INFO] [stderr]   [62/391] Building CXX object spirv-tools/source/CMakeFiles/SPIRV-Tools-shared.dir/binary.cpp.o
[INFO] [stderr]   [63/391] Building CXX object spirv-tools/source/CMakeFiles/SPIRV-Tools-shared.dir/val/validate_atomics.cpp.o
[INFO] [stderr]   [64/391] Building CXX object spirv-tools/source/CMakeFiles/SPIRV-Tools-shared.dir/val/validate_bitwise.cpp.o
[INFO] [stderr]   [65/391] Building CXX object spirv-tools/source/CMakeFiles/SPIRV-Tools-shared.dir/text.cpp.o
[INFO] [stderr]   [66/391] Building CXX object spirv-tools/source/CMakeFiles/SPIRV-Tools-shared.dir/val/validate_capability.cpp.o
[INFO] [stderr]   [67/391] Building CXX object spirv-tools/source/CMakeFiles/SPIRV-Tools-shared.dir/val/validate_arithmetics.cpp.o
[INFO] [stderr]   [68/391] Building CXX object spirv-tools/source/CMakeFiles/SPIRV-Tools-shared.dir/val/validate_annotation.cpp.o
[INFO] [stderr]   [69/391] Building CXX object spirv-tools/source/CMakeFiles/SPIRV-Tools-shared.dir/val/validate.cpp.o
[INFO] [stderr]   [70/391] Building CXX object spirv-tools/source/CMakeFiles/SPIRV-Tools-shared.dir/val/validate_cfg.cpp.o
[INFO] [stderr]   [71/391] Building CXX object spirv-tools/source/CMakeFiles/SPIRV-Tools-shared.dir/val/validate_builtins.cpp.o
[INFO] [stderr]   ninja: build stopped: subcommand failed.
[INFO] [stderr] 
[INFO] [stderr]   --- stderr
[INFO] [stderr]   CMake Warning:
[INFO] [stderr]     Manually-specified variables were not used by the project:
[INFO] [stderr] 
[INFO] [stderr]       CMAKE_ASM_COMPILER
[INFO] [stderr]       CMAKE_ASM_FLAGS
[INFO] [stderr] 
[INFO] [stderr] 
[INFO] [stderr]   thread 'main' panicked at '
[INFO] [stderr]   command did not execute successfully, got: exit status: 1
[INFO] [stderr] 
[INFO] [stderr]   build script failed, must exit now', /opt/rustwide/cargo-home/registry/src/index.crates.io-6f17d22bba15001f/cmake-0.1.49/src/lib.rs:1104:5
[INFO] [stderr]   stack backtrace:
[INFO] [stderr]      0:     0x55cd3d35f7e1 - std::backtrace_rs::backtrace::libunwind::trace::h036e87df56fc4b9d
[INFO] [stderr]                                  at /rustc/9610dfe5a9a731ced1ea4923ecbd0c57fe367898/library/std/src/../../backtrace/src/backtrace/libunwind.rs:93:5
[INFO] [stderr]      1:     0x55cd3d35f7e1 - std::backtrace_rs::backtrace::trace_unsynchronized::hd61eb2dbd6ae476a
[INFO] [stderr]                                  at /rustc/9610dfe5a9a731ced1ea4923ecbd0c57fe367898/library/std/src/../../backtrace/src/backtrace/mod.rs:66:5
[INFO] [stderr]      2:     0x55cd3d35f7e1 - std::sys_common::backtrace::_print_fmt::h00c50d0875db23c9
[INFO] [stderr]                                  at /rustc/9610dfe5a9a731ced1ea4923ecbd0c57fe367898/library/std/src/sys_common/backtrace.rs:65:5
[INFO] [stderr]      3:     0x55cd3d35f7e1 - <std::sys_common::backtrace::_print::DisplayBacktrace as core::fmt::Display>::fmt::h63195ab2dde77ccc
[INFO] [stderr]                                  at /rustc/9610dfe5a9a731ced1ea4923ecbd0c57fe367898/library/std/src/sys_common/backtrace.rs:44:22
[INFO] [stderr]      4:     0x55cd3d381b4f - core::fmt::rt::Argument::fmt::h83f4110348c688f4
[INFO] [stderr]                                  at /rustc/9610dfe5a9a731ced1ea4923ecbd0c57fe367898/library/core/src/fmt/rt.rs:138:9
[INFO] [stderr]      5:     0x55cd3d381b4f - core::fmt::write::h509367dd365f983a
[INFO] [stderr]                                  at /rustc/9610dfe5a9a731ced1ea4923ecbd0c57fe367898/library/core/src/fmt/mod.rs:1094:21
[INFO] [stderr]      6:     0x55cd3d35c821 - std::io::Write::write_fmt::h8e60bfebdaabfee5
[INFO] [stderr]                                  at /rustc/9610dfe5a9a731ced1ea4923ecbd0c57fe367898/library/std/src/io/mod.rs:1713:15
[INFO] [stderr]      7:     0x55cd3d35f5f5 - std::sys_common::backtrace::_print::h96e550016098cde6
[INFO] [stderr]                                  at /rustc/9610dfe5a9a731ced1ea4923ecbd0c57fe367898/library/std/src/sys_common/backtrace.rs:47:5
[INFO] [stderr]      8:     0x55cd3d35f5f5 - std::sys_common::backtrace::print::h7a049611b153a02e
[INFO] [stderr]                                  at /rustc/9610dfe5a9a731ced1ea4923ecbd0c57fe367898/library/std/src/sys_common/backtrace.rs:34:9
[INFO] [stderr]      9:     0x55cd3d360cc7 - std::panicking::default_hook::{{closure}}::h1b023d46676794c4
[INFO] [stderr]     10:     0x55cd3d360ab4 - std::panicking::default_hook::hea2961dabcf68e83
[INFO] [stderr]                                  at /rustc/9610dfe5a9a731ced1ea4923ecbd0c57fe367898/library/std/src/panicking.rs:288:9
[INFO] [stderr]     11:     0x55cd3d36117c - std::panicking::rust_panic_with_hook::h4285c91a8168b001
[INFO] [stderr]                                  at /rustc/9610dfe5a9a731ced1ea4923ecbd0c57fe367898/library/std/src/panicking.rs:705:13
[INFO] [stderr]     12:     0x55cd3d361077 - std::panicking::begin_panic_handler::{{closure}}::h6ebd0d46f0c6b010
[INFO] [stderr]                                  at /rustc/9610dfe5a9a731ced1ea4923ecbd0c57fe367898/library/std/src/panicking.rs:597:13
[INFO] [stderr]     13:     0x55cd3d35fc16 - std::sys_common::backtrace::__rust_end_short_backtrace::h92042d128576b63a
[INFO] [stderr]                                  at /rustc/9610dfe5a9a731ced1ea4923ecbd0c57fe367898/library/std/src/sys_common/backtrace.rs:151:18
[INFO] [stderr]     14:     0x55cd3d360dc2 - rust_begin_unwind
[INFO] [stderr]                                  at /rustc/9610dfe5a9a731ced1ea4923ecbd0c57fe367898/library/std/src/panicking.rs:593:5
[INFO] [stderr]     15:     0x55cd3d2dd673 - core::panicking::panic_fmt::h65404fc8061ee73a
[INFO] [stderr]                                  at /rustc/9610dfe5a9a731ced1ea4923ecbd0c57fe367898/library/core/src/panicking.rs:67:14
[INFO] [stderr]     16:     0x55cd3d2f0d31 - cmake::fail::hd636370ee5138270
[INFO] [stderr]     17:     0x55cd3d2f04c5 - cmake::run::h112388dae31c08f2
[INFO] [stderr]     18:     0x55cd3d2eccb1 - cmake::Config::build::ha5de3bd28170892d
[INFO] [stderr]     19:     0x55cd3d2df901 - build_script_build::build_shaderc_unix::h8d22710b71f077c3
[INFO] [stderr]     20:     0x55cd3d2e2cb7 - build_script_build::main::ha4d4e84168daf887
[INFO] [stderr]     21:     0x55cd3d2e7093 - core::ops::function::FnOnce::call_once::h3ac30b32dd22238f
[INFO] [stderr]     22:     0x55cd3d2e4146 - std::sys_common::backtrace::__rust_begin_short_backtrace::hc8f33e5076902e00
[INFO] [stderr]     23:     0x55cd3d2e4199 - std::rt::lang_start::{{closure}}::hd5ebc8765c062305
[INFO] [stderr]     24:     0x55cd3d358655 - core::ops::function::impls::<impl core::ops::function::FnOnce<A> for &F>::call_once::h49ef85a8a8d45198
[INFO] [stderr]                                  at /rustc/9610dfe5a9a731ced1ea4923ecbd0c57fe367898/library/core/src/ops/function.rs:284:13
[INFO] [stderr]     25:     0x55cd3d358655 - std::panicking::try::do_call::ha1def14af693a135
[INFO] [stderr]                                  at /rustc/9610dfe5a9a731ced1ea4923ecbd0c57fe367898/library/std/src/panicking.rs:500:40
[INFO] [stderr]     26:     0x55cd3d358655 - std::panicking::try::haa3dc2a1139932e2
[INFO] [stderr]                                  at /rustc/9610dfe5a9a731ced1ea4923ecbd0c57fe367898/library/std/src/panicking.rs:464:19
[INFO] [stderr]     27:     0x55cd3d358655 - std::panic::catch_unwind::h9d9cbebaf9f15c67
[INFO] [stderr]                                  at /rustc/9610dfe5a9a731ced1ea4923ecbd0c57fe367898/library/std/src/panic.rs:142:14
[INFO] [stderr]     28:     0x55cd3d358655 - std::rt::lang_start_internal::{{closure}}::hf660a772669a69cc
[INFO] [stderr]                                  at /rustc/9610dfe5a9a731ced1ea4923ecbd0c57fe367898/library/std/src/rt.rs:148:48
[INFO] [stderr]     29:     0x55cd3d358655 - std::panicking::try::do_call::hb1c34715bb9b1c46
[INFO] [stderr]                                  at /rustc/9610dfe5a9a731ced1ea4923ecbd0c57fe367898/library/std/src/panicking.rs:500:40
[INFO] [stderr]     30:     0x55cd3d358655 - std::panicking::try::h499866fd990da8f1
[INFO] [stderr]                                  at /rustc/9610dfe5a9a731ced1ea4923ecbd0c57fe367898/library/std/src/panicking.rs:464:19
[INFO] [stderr]     31:     0x55cd3d358655 - std::panic::catch_unwind::hac1ffec55b72e7bc
[INFO] [stderr]                                  at /rustc/9610dfe5a9a731ced1ea4923ecbd0c57fe367898/library/std/src/panic.rs:142:14
[INFO] [stderr]     32:     0x55cd3d358655 - std::rt::lang_start_internal::h0fecf91cd579e7b6
[INFO] [stderr]                                  at /rustc/9610dfe5a9a731ced1ea4923ecbd0c57fe367898/library/std/src/rt.rs:148:20
[INFO] [stderr]     33:     0x55cd3d2e4177 - std::rt::lang_start::h098f81a9ce0975b3
[INFO] [stderr]     34:     0x55cd3d2e3365 - main
[INFO] [stderr]     35:     0x7fd9b0cf2d90 - <unknown>
[INFO] [stderr]     36:     0x7fd9b0cf2e40 - __libc_start_main
[INFO] [stderr]     37:     0x55cd3d2ddd15 - _start
[INFO] [stderr]     38:                0x0 - <unknown>
[INFO] running `Command { std: "docker" "inspect" "27cd968cde7f1a72286b329da9508de4e40f7357bcaf9d951e38bf47fea0dbae", kill_on_drop: false }`
[INFO] running `Command { std: "docker" "rm" "-f" "27cd968cde7f1a72286b329da9508de4e40f7357bcaf9d951e38bf47fea0dbae", kill_on_drop: false }`
[INFO] [stdout] 27cd968cde7f1a72286b329da9508de4e40f7357bcaf9d951e38bf47fea0dbae
